4*d, 407561 = 5*z + z - d. Is z a composite number?
False
Suppose 3*n - 31*u + 36*u - 2903009 = 0, 5*n = u + 4838367. Is n composite?
True
Let u = -2922 + 4778. Let c = 3905 - u. Is c a composite number?
True
Let s = 202521 - -168862. Is s composite?
False
Suppose 3*r = 4*m - m - 6, 4*m - 20 = -2*r. Suppose -836 = -28*k + 24*k + m*x, 219 = k + 4*x. Is k prime?
True
Let q be (64/(-40))/((-2)/5). Suppose y = q*u - 13, y - 11 = -4*u + 8. Is ((1036/y)/(-2))/((-8)/12) a prime number?
False
Suppose 0*r = 6*r. Let s(g) = 11*g**2 + 2 + 10*g - 2 - 8 + r*g**2. Is s(-5) a prime number?
False
Suppose -20738 = -12*z - 7214. Is 4*18/(-12) + z composite?
True
Suppose -237*w = -230*w - 242039. Is w composite?
True
Let w = 5201 + -1784. Suppose -5*n - 3098 - 2617 = -5*v, 0 = -3*v - 3*n + w. Is v a composite number?
True
Let z(b) = 1094*b + 121. Let k(s) = -1093*s - 120. Let c(a) = 3*k(a) + 4*z(a). Is c(5) composite?
True
Suppose -5*c + 5 = 0, c + c - 755 = -z. Let q = 1692 - z. Let n = q - 454. Is n prime?
False
Suppose 5*y - k + 3*k = 0, -4*y + 2*k = -18. Suppose 0 = -4*s - y*s + 11766. Is s composite?
True
Is 14/56*(-160)/(-30)*(-427071)/(-4) a composite number?
False
Let o(j) = 15*j**2 - 23*j - 9. Let a(w) = 16*w**2 - 23*w - 7. Let q(t) = 4*a(t) - 3*o(t). Is q(-10) composite?
False
Let o = 471249 + -275806. Is o a composite number?
False
Is (6 - 524737)*5/(-10 + 5) composite?
False
Suppose 0 = 2*i + n - 33, 3*n + 47 = 3*i + 7*n. Suppose -i = -3*s - 32, 0 = 4*z + 4*s - 22472. Is z a prime number?
True
Suppose 3*w - 4057162 = 15*h - 10*h, 5*w = 2*h + 6761981. Is w a composite number?
True
Let k(w) = 9*w + 1794. Let n be k(0). Let r = 4493 + n. Is r a composite number?
False
Is 4/30 - 59974953/(-90) - (-9)/18 a prime number?
False
Let f(m) = -14 - 7*m + m**3 + 6*m**2 + 35 - 16. Let x be f(-6). Suppose x = s + 16. Is s prime?
True
Let h be (-8)/((-96)/(-682)) - (-1)/(-6). Let d = 63 + h. Is 3 + d - 4 - -1092 prime?
True
Let p(l) = -4321*l**3 + 5*l**2 + 5*l. Is p(-1) composite?
True
Suppose -431*g + 293064 = -407*g. Is g a prime number?
True
Suppose 41*w = 45*w + 5*x - 154041, 4*w = 2*x + 154034. Is w a composite number?
True
Let v(h) = 245*h - 7 + 201*h + 33 + 92*h. Is v(6) prime?
False
Suppose -v = 0, -2*l + 21 - 3 = -5*v. Is (-1 - l/2)*(1 + -395) a prime number?
False
Let i(b) = 3*b + 32. Let t be i(-10). Suppose -2044 = -t*m - 3*r, 3*m + 2*r = -2*m + 5099. Is m prime?
True
Let m(c) = -3 + 86*c - 7 + 20 - 4. Let o be m(4). Let l = -127 + o. Is l a composite number?
False
Suppose 1048*u = 927*u + 9711823. Is u composite?
False
Let c(v) = -472965*v - 29. Is c(-2) composite?
True
Let i be 8/(-2)*(-2)/(-8). Let z be -3 - (i - 1) - -2. Let a(h) = 742*h**2 - h + 2. Is a(z) a prime number?
True
Let c = -75350 + 194479. Is c a composite number?
False
Suppose 4*t - 5*t = 0. Suppose -w = -3*a - 4 - 3, t = 4*a + 4*w + 4. Is 16 + -2 + 1 + a a composite number?
False
Suppose 23 - 173 = 25*j. Is j/(-10) + 12/180*460716 a prime number?
False
Suppose -4*j = -2*j - 18. Let q(t) = -240*t**3 + 11*t**2 - t - 18. Let p be q(j). Is (-3)/5 + p/(-60) prime?
False
Suppose -11*w = -0*w - 1199. Is ((-1)/(-8) - (-161)/56)*w a prime number?
False
Suppose -5*f - 2*y - 97 = 0, -7*f + 2*y = -11*f - 76. Let q(s) = -s**3 - 16*s**2 - 4*s - 10. Is q(f) prime?
False
Suppose -905801 = -4*s - 3*r, 13*r - 9*r = 5*s - 1132259. Is s prime?
True
Suppose 37*y - 38*y - 145619 = -2*h, -5*h + 364040 = 5*y. Is h prime?
False
Let c(p) = 1138*p - 1171. Is c(15) a prime number?
False
Let t(a) = 485*a**2 + 22*a + 146. Let u be t(-5). Suppose u = 3*o - 4*r, -3*o + 9650 = 2*r - 2517. Is o a prime number?
False
Suppose 2*f - 14375 = -27. Let z = 13287 - f. Is z a composite number?
False
Suppose 0*h + 2*c = 2*h - 18, 3*h = -c + 23. Let u(n) = -2*n**3 + 14*n**2 + 5*n + 6. Let p be u(h). Let l = -15 - p. Is l a prime number?
True
Let u = -132832 + 214443. Is u prime?
True
Is (4/(-6))/((-1)/834915*10) a composite number?
False
Suppose -t = -1, -5*u - t = -0*u - 21226. Suppose 2*y = -r + 2123, -r + u = 3*y + y. Is y a composite number?
False
Suppose 2*w = -m + 105260, 20*m = -5*w + 25*m + 263105. Is w composite?
False
Let y = -86 + 178. Is y/(-230) - 14714/(-10) a composite number?
False
Let k be (1247/86)/(0 + (-1)/268). Let v = k + 10659. Suppose -j = 12*j - v. Is j a prime number?
True
Is -202 + 213 - (-1 + -16610) prime?
False
Let c(q) = 2457*q**2 + 20*q + 34. Let t be c(-2). Let l = t - 1675. Is l a composite number?
False
Suppose 1906 = 2*w - i, 5*i + 1823 = 3*w - 1050. Is w a prime number?
False
Let x be 10/5 - (-1 + 2 - -37). Let b = 41 + x. Suppose -g = -b*o + 14991, 2*g = o + 4*o - 14987. Is o composite?
False
Let w = -765 - -763. Let k(d) = -614*d - 15. Is k(w) a composite number?
False
Let c be (456/16)/(3/(-1016)). Let u = -5958 - c. Suppose 5*q + 1119 = u. Is q a composite number?
True
Let f be (-45)/6*-163334*(-5)/(-15). Suppose -47900 + f = 15*w. Is w composite?
False
Let w(z) = 130*z**2 - 48*z + 3. Suppose -43*b + 61*b = 144. Is w(b) prime?
False
Let q(z) be the second derivative of 17*z**3 - 37*z**2/2 + 7*z. Let c be q(24). Suppose -3*l + 1732 = -c. Is l prime?
True
Suppose -11*d = -124440 + 25121. Suppose -20*q + d = -34551. Is q a prime number?
True
Suppose -2*d = 2*l + 4, -l + 14 = 18*d - 21*d. Suppose -3*o - 3145 = 33*p - 35*p, l*p + o = 3149. Is p composite?
True
Let t(h) = 103*h**2 - 2*h - 3. Let l be t(-2). Let z = 193 - l. Let p = z + 329. Is p a composite number?
False
Let r = 28620 - 18875. Suppose 5*w + 7300 = 3*p, 0*p - 5*w = 4*p - r. Is p prime?
False
Let t(f) = -29679*f + 199. Is t(-2) a prime number?
True
Let t(w) = 28977*w**2 - 16*w + 17. Is t(1) prime?
False
Let j(r) = 2*r**3 - 7*r**2 - 24*r - 33. Let b(t) = -t**3 + 3*t**2 + 12*t + 17. Let i(p) = -11*b(p) - 6*j(p). Let h be i(17). Let g = h - -3246. Is g prime?
False
Let n = -19 - -7. Suppose -4*l = 3*g + 5514, -g + 6*g + 9195 = -5*l. Is n/18*g/4 a prime number?
True
Suppose -12 = -4*f + 5*f - 5*s, 0 = -5*f + 3*s + 6. Suppose 4*c - 2*c - 27329 = -3*k, f*k = 3*c + 27354. Is k a composite number?
True
Is 760/95 - (-339324 - 2) a composite number?
True
Let z be -875 + (-5)/35*0. Let u = 276 - z. Is u prime?
True
Let t = -137 - -147. Suppose 5*f = t, -2*r - 5*f = -4*f - 5160. Is r a composite number?
False
Let c be 1 - 2 - (0 + 1 + -2). Let a be c/(-5)*(0 + (-2 - -1)). Suppose -10*w + 0*w + 6890 = a. Is w a composite number?
True
Suppose -2*q + 89038 + 203497 = -3*k, 2*q - 292536 = 2*k. Is q a composite number?
True
Let y(t) = -270*t - 7. Suppose 2*j - s = 2*s - 135, 4*s - 334 = 5*j. Let q = j + 58. Is y(q) prime?
True
Suppose 6*k - 10*b - 5005210 = 2*k, -3*k + 3753876 = 3*b. Is k composite?
True
Suppose -9*z = -3*c + 1218687, -449859 = -c + 2*z - 43624. Is c a composite number?
False
Suppose 5*g + 4*b - 24934 = 13562, g = 3*b + 7703. Suppose s = -318 + g. Is s composite?
True
Let c = 60 - 74. Let g be (-150)/8 - c/(-56). Let t(o) = -o**3 - 14*o**2 + 11*o + 41. Is t(g) a prime number?
True
Suppose 402955 = 25*d - 3*d - 1183971. Is d composite?
True
Suppose 4*j = -4*n + 40, -4*n + 25 = 3*j - 2*j. Suppose 0 = -5*c - 0*c + 8950. Is c/6 - j/15 a prime number?
False
Let l(a) = 50*a**2 - 5*a. Let m be l(-4). Let r = 418 + 88. Suppose -r = -0*h - 3*h - d, -5*h + 3*d + m = 0. Is h prime?
True
Let k(j) = j + 71. Let q(r) be the third derivative of -r**4/24 - 6*r**3 - 7*r**2. Let n(t) = 3*k(t) + 5*q(t). Is n(-17) composite?
False
Let q(c) = c**3 + 1. Let t(p) = 9*p**2 + 5*p + 1. Let k(y) = 3*q(y) - t(y). Let g be k(8). Let f = g + 139. Is f prime?
True
Let r be 7/21*-11*-909. Let l = r - 702. Is l prime?
False
Let j(u) = -1166 - 1058 + 54*u + 2085. Is j(4) prime?
False
Suppose 0 = 14*y - 29 - 13. Suppose j - 5*s - 12632 = -2656, -29874 = -3*j - y*s. Is j a prime number?
False
Let z(k) be the third derivative of -47*k**4/8 - 215*k**3/6 - 9*k**2. Is z(-6) a composite number?
False
Let u be -4167*8/(-48)*4/(-6). Let m = 1049 + u. Is m prime?
False
Suppose -p = 2*d - 25582, 0*p + 4*d + 76716 = 3*p. Suppose -4*r - j = -p, r - 7*j + 9*j - 6401 = 0. Is r composite?
True
Suppose -32129 = 14*r - 15*r. Suppose -5*y + r = 2324. Is y a prime number?
False
Let q = 151450 - 98541. Is q prime?
False
Let s(z) = -4952*z + 6225. Is s(-29) a composite number?
T